{"id":3,"date":"2020-02-24T09:48:46","date_gmt":"2020-02-24T08:48:46","guid":{"rendered":""},"modified":"2020-03-03T17:17:11","modified_gmt":"2020-03-03T16:17:11","slug":"impressum_datenschutz","status":"publish","type":"page","link":"http:\/\/www.procurion.at\/?page_id=3","title":{"rendered":"Impressum &#038; Datenschutz"},"content":{"rendered":"\t\t<div data-elementor-type=\"wp-page\" data-elementor-id=\"3\" class=\"elementor elementor-3\" data-elementor-settings=\"[]\">\n\t\t\t<div class=\"elementor-inner\">\n\t\t\t\t<div class=\"elementor-section-wrap\">\n\t\t\t\t\t\t\t<section class=\"elementor-element elementor-element-505718e4 elementor-section-boxed elementor-section-height-default elementor-section-height-default elementor-section elementor-top-section\" data-id=\"505718e4\" data-element_type=\"section\">\n\t\t\t\t\t\t<div class=\"elementor-container elementor-column-gap-default\">\n\t\t\t\t<div class=\"elementor-row\">\n\t\t\t\t<div class=\"elementor-element elementor-element-2358f9b9 elementor-column elementor-col-100 elementor-top-column\" data-id=\"2358f9b9\" data-element_type=\"column\">\n\t\t\t<div class=\"elementor-column-wrap  elementor-element-populated\">\n\t\t\t\t\t<div class=\"elementor-widget-wrap\">\n\t\t\t\t<div class=\"elementor-element elementor-element-d7029f2 elementor-widget elementor-widget-text-editor\" data-id=\"d7029f2\" data-element_type=\"widget\" data-widget_type=\"text-editor.default\">\n\t\t\t\t<div class=\"elementor-widget-container\">\n\t\t\t\t\t<div class=\"elementor-text-editor elementor-clearfix\"><h5>Impressum gem\u00e4\u00df \u00a7 24 MedG Abs. 3<\/h5>\n<p>Procurion e.U.<br \/>Kendlerstra\u00dfe 34\/20<br \/>A-1140 Wien<br \/>FN 527871g<\/p>\n<p>Webmaster: Dietmar Eder-Dianitsch<br \/>Email:<a href=\"mailto:\u00a0ded@procurion.at\">\u00a0ded@procurion.at<\/a><\/p>\n<h5>Offenlegung gem\u00e4\u00df \u00a7 25 MedG Abs. 4<\/h5>\n<p>Der Internetauftritt www.procurion.at\u00a0 ist die offizielle Website der Procurion e.U. Sie bietet fassende Informationen zu den Angeboten und Dienstleistungen der Firma Proucrion.<\/p>\n<h6>Haftungsausschluss<\/h6>\n<p>Inhalte, die auf\u00a0www.procurion.at\u00a0ver\u00f6ffentlicht werden, sind sorgf\u00e4ltig recherchiert und eingepflegt. Procurion \u00fcbernimmt\u00a0aber keinerlei\u00a0Gew\u00e4hr f\u00fcr die Aktualit\u00e4t, Korrektheit, Richtigkeit, Vollst\u00e4ndigkeit oder Qualit\u00e4t der bereitgestellten Informationen. Alle Angebote sind freibleibend und unverbindlich. Der Herausgeber beh\u00e4lt sich das Recht vor, Teile der Inhalte oder das gesamte Angebot ohne Ank\u00fcndigung zu ver\u00e4ndern, zu erg\u00e4nzen, zu l\u00f6schen oder die Ver\u00f6ffentlichung zeitweise oder endg\u00fcltig einzustellen. Alle Angaben erfolgen ohne Gew\u00e4hr. Eine Haftung f\u00fcr Sch\u00e4den, die sich durch auf\u00a0www.procurion.at\u00a0ver\u00f6ffentlichte Inhalte oder Services\u00a0ergeben, ist ausgeschlossen.<\/p>\n<h6><br \/>Links und Verweise:<\/h6>\n<p>S\u00e4mtliche Verweise und Links auf externe Webseiten wurden gewissenhaft gepr\u00fcft. Auf diese externen Inhalte hat Procurion e.U. jedoch keinen Einfluss und kann daher auch keine Verantwortung daf\u00fcr \u00fcbernehmen.<\/p>\n<h6>Urheberrecht:<\/h6>\n<p>Das Layout und die Gestaltung des Angebots sowie seiner einzelnen Elemente wie Logos, Fotos, Wappen etc. sind urheberrechtlich gesch\u00fctzt. Gleiches gilt f\u00fcr die redaktionellen Beitr\u00e4ge im Einzelnen sowie ihre Auswahl und Zusammenstellung; Ver\u00e4nderungen daran d\u00fcrfen nicht vorgenommen werden. Eine \u00f6ffentliche Verwendung des Angebots darf nur mit ausdr\u00fccklicher Zustimmung der verantwortlichen Seitenurheber\/innen \u00a0erfolgen.<br \/><br \/><\/p>\n<h5><strong><em>Datenschutz<\/em><\/strong><\/h5>\n<p>Der Schutz Ihrer pers\u00f6nlichen Daten ist uns ein besonderes Anliegen. Wir verarbeiten Ihre Daten daher ausschlie\u00dflich auf Grundlage der gesetzlichen Bestimmungen (DSGVO, TKG 2003).<br \/>\u00a0<br \/>In diesen Datenschutzinformationen informieren wir Sie \u00fcber die wichtigsten Aspekte der Datenverarbeitung im Rahmen unserer Website.<\/p>\n<h6><br \/><strong>Verantwortlicher<\/strong><\/h6>\n<p>Procurion e.U.<br \/>Kendlerstra\u00dfe 34\/20<br \/>A-1140 Wien<br \/><a href=\"mailto:office@procurion.at\">office@procurion.at<\/a><\/p>\n<h6><strong>Auftragsverarbeiter<\/strong><\/h6>\n<p>F\u00fcr den Betrieb dieser Websites wird World4You Internet Services GmbH, Hafenstrasse 35, 4020 Linz, \u00d6sterreich, Tel.: +43 732 93035, E-Mail: <a href=\"mailto:dataprotection@world4you.com\">dataprotection@world4you.com<\/a> , Website: <a href=\"http:\/\/www.world4you.com\">www.world4you.com<\/a> als Auftragsverarbeiter beauftragt. Im Zuge ihrer Hostingservices, Wartungs- und Supportta\u0308tigkeiten besteht die M\u00f6glichkeit, dass dieser Zugriff auf personenbezogenen Daten erlangen kann, sofern dieser die Daten zur Erf\u00fcllung der jeweiligen Leistung ben\u00f6tigt.<br \/>Der Auftragsverarbeiter hat sich zur Einhaltung der geltenden datenschutzrechtlichen Bestimmungen uns gegen\u00fcber verpflichtet. Es wurde ein Auftragsverarbeitungsvertrag gem\u00e4\u00df Art 28 DSGVO abgeschlossen. N\u00e4here Informationen zu den von uns beauftragten Auftragsverarbeiter k\u00f6nnen Sie unter der email Adresse des Verantwortlichen anfragen.<\/p>\n<h6><strong>Personenbezogene Daten<\/strong><\/h6>\n<p>Wir verarbeiten personenbezogene Daten, n\u00e4mlich Vornamen, Nachnamen und Kontaktdaten und sonstige Anmeldedaten, die gegebenenfalls von Besuchern der Website freiwillig in Formulare zum Zweck der Kontaktaufnahme bzw. f\u00fcr die Anmeldung zu Veranstaltungen eingetragen werden.<br \/>Zum Zwecke der Durchf\u00fchrung und Abwicklung von Veranstaltungen werden im Anlassfall die im jeweiligen Aufnahmeformular bekannt gegebenen Daten auf der Grundlage einer ausdr\u00fccklichen\u00a0<br \/>Einwilligung der sich anmeldenden Person verarbeitet. Konkret sind das: Name, Adresse, Kontaktdaten, Name der Organisation\/Institution, Datum, Name der Veranstaltung, im Anlassfall Essens- bzw. \u00dcbernachtungm\u00f6glichkeit, Anmerkungen sowie gegebenenfalls eine Dokumentation der Anwesenheit. Die oben genannten Anmeldedaten werden l\u00e4ngstens f\u00fcr die Dauer von 7 Jahren aufbewahrt. Etwaige Stornierungen und die dazugeh\u00f6rige Korrespondenz werden 6 Monate aufbewahrt.<\/p>\n<h6><strong>Empf\u00e4nger<\/strong><\/h6>\n<p>Personenbezogene Daten eines Betroffenen werden im konkreten Anlassfall an folgende Empf\u00e4nger \u00fcbermittelt:<br \/>\u2022 Vertragspartner nach Einwilligung des Website-Besuchers<br \/>\u2022 Steuerberatung<br \/>\u2022 Polizei und Sicherheitsbeh\u00f6rden<br \/>\u2022 Zust\u00e4ndige Aufsichtsbeh\u00f6rden<br \/>\u2022 Gerichte in justiziellen Angelegenheiten<br \/>\u2022 Bezirksverwaltungsbeh\u00f6rden und Gemeindebeh\u00f6rden in verwaltungspolizeilichen Angelegenheiten\u00a0<br \/>\u2022 Finanzamt<\/p>\n<h6><strong>Zweck der Verarbeitung<\/strong><\/h6>\n<p>Der Zweck der Website besteht in der Kommunikation nach innen und nach au\u00dfen mit dem Ziel, die erbrachten Dienstleistungen zu beschreiben. \u00a0S\u00e4mtliche Datenverarbeitungen auf der Website richten sich grunds\u00e4tzlich nach diesem Zweck.<\/p>\n<h6><strong>Kontakt mit uns<\/strong><\/h6>\n<p>Wenn Sie per Formular auf der Website oder per E-Mail Kontakt mit uns aufnehmen, werden Ihre angegebenen Daten zwecks Bearbeitung der Anfrage und f\u00fcr den Fall von Anschlussfragen sechs Monate bei uns gespeichert. Diese Daten geben wir nicht ohne Ihre Einwilligung weiter.<\/p>\n<h6><strong>Cookies<\/strong><\/h6>\n<p>Unsere Website verwendet sogenannte Cookies. Dabei handelt es sich um kleine Textdateien, die mit Hilfe des Browsers auf Ihrem Endger\u00e4t abgelegt werden. Sie richten keinen Schaden an.<br \/>Wir nutzen Cookies dazu, unser Angebot nutzerfreundlich zu gestalten. Einige Cookies bleiben auf Ihrem Endger\u00e4t gespeichert, bis Sie diese l\u00f6schen. Sie erm\u00f6glichen es uns, Ihren Browser beim n\u00e4chsten Besuch wiederzuerkennen.<br \/>Wenn Sie dies nicht w\u00fcnschen, so k\u00f6nnen Sie Ihren Browser so einrichten, dass er Sie \u00fcber das Setzen von Cookies informiert und Sie dies nur im Einzelfall erlauben.<br \/>Bei der Deaktivierung von Cookies kann die Funktionalit\u00e4t unserer Website eingeschr\u00e4nkt sein.<\/p>\n<h6><strong>Google Analytics<\/strong><\/h6>\n<p>Google Inc. (&#8220;Google&#8221;), 1600 Amphitheatre Parkway, Mountain View, California, 94043, USA. Die unter Verwendung der Cookies gespeicherten Daten werden hierbei von Google zur Auswertung in die USA \u00fcbertragen und gespeichert. Google \u00fcbermittelt die Daten Dritten nur im Rahmen gesetzlicher Vorschriften oder im Rahmen einer Auftragsdatenverarbeitung. Google wird die erfassten Daten nicht mit anderen von Google erfassten Daten kombinieren.\u00a0Die Beziehung zum au\u00dfereurop\u00e4ischen Anbieter Google Inc. basiert auf einem Angemessenheitsbeschluss der Europa\u0308ischen Kommission (\u201ePrivacy Shield\u201c \u2013 USA).<br \/>Wir setzen Google Analytics mit der Erweiterung &#8220;_anonymizeIp()&#8221; ein. Dadurch wird Ihre IP-Adresse von Google innerhalb von Mitgliedstaaten der EU oder in anderen EWR-Vertragsstaaten vor der \u00dcbermittlung in die USA gek\u00fcrzt. Nur in Ausnahmef\u00e4llen wird die komplette IP-Adresse an Server von Google in den USA \u00fcbertragen und dort gek\u00fcrzt. Google Inc. wird in unserem Auftrag diese Informationen benutzen, um die Nutzung der Website auszuwerten, um Berichte \u00fcber die Aktivit\u00e4ten auf der Website zusammenzustellen und um weitere mit der Websitenutzung und der Internetnutzung verbundene Dienstleistungen zu erbringen.\u00a0Wir haben mit dem Anbieter einen entsprechenden Vertrag zur Auftragsdatenverarbeitung abgeschlossen.<br \/>Sie k\u00f6nnen die Erfassung Ihrer Daten durch Google Analytics jederzeit verhindern, indem Sie auf einen bereitgestellten Opt-Out Link klicken. Hierbei wird ein Opt-Out-Cookie gesetzt, der die Erfassung Ihrer Daten bei zuk\u00fcnftigen Besuchen dieser Website verhindert.<br \/>Dar\u00fcber hinaus kann die Erfassung der durch das Cookie erzeugten und auf ihre Nutzung der Website bezogenen Daten an Google und die Verarbeitung dieser Daten durch Google Inc verhindert werden, indem das unter dem nachfolgenden Link verf\u00fcgbare Browser-Plugin heruntergeladen und installiert wird:\u00a0<a href=\"http:\/\/tools.google.com\/dlpage\/gaoptout?hl=de\">http:\/\/tools.google.com\/dlpage\/gaoptout?hl=de<\/a>\u00a0<br \/>Mehr Informationen zum Umgang mit Nutzerdaten bei Google Analytics finden Sie in der Datenschutzerkl\u00e4rung von Google:\u00a0<a href=\"https:\/\/support.google.com\/analytics\/answer\/6004245?hl=de\">https:\/\/support.google.com\/analytics\/answer\/6004245?hl=de<\/a><br \/>Die Datenverarbeitung erfolgt auf Basis der gesetzlichen Bestimmungen des \u00a7 96 Abs 3 TKG sowie des Art 6 Abs 1 lit a (Einwilligung) und\/oder f (berechtigtes Interesse) der DSGVO.\u00a0<br \/>Unser Anliegen im Sinne der DSGVO (berechtigtes Interesse) ist die Verbesserung unseres Angebotes und unseres Webauftritts. Da uns die Privatsph\u00e4re unserer Nutzer wichtig ist, werden die Nutzerdaten pseudonymisiert. Diese pseudonymisierten Nutzerdaten werden l\u00e4ngstens f\u00fcr die Dauer von 26 Monaten aufbewahrt.<\/p>\n<h6><strong>Google Maps<\/strong><\/h6>\n<p>Unsere Homepage nutzt \u00fcber eine Schnittstelle den Online-Kartendienstanbieter Google Maps. Anbieter des Kartendienstes ist Google Inc., 1600 Amphitheatre Parkway, Mountain View, CA 94043, USA. Zur Nutzung der Funktionalit\u00e4ten von Google Maps ist es notwendig, Ihre IP Adresse zu speichern. Diese Informationen werden an einen Server von Google in den USA \u00fcbertragen und dort gespeichert. Der Anbieter dieser Seite hat keinen Einfluss auf diese Daten\u00fcbertragung.<br \/>Die Nutzung des Kartendienstes Google Maps erfolgt im Interesse einer ansprechenden Darstellung unseres Online-Angebots und an der einfacheren Auffindbarkeit der von uns auf der Website angef\u00fchrten Adressen. Dies stellt ein berechtigtes Interesse im Sinne von Art. 6 Abs. 1 lit. f DSGVO dar.<br \/>Weitere Informationen zum Umgang mit Nutzerdaten finden Sie in der Datenschutzerkl\u00e4rung von Google:\u00a0<a href=\"https:\/\/www.google.de\/intl\/de\/policies\/privacy\">https:\/\/www.google.de\/intl\/de\/policies\/privacy<\/a>\u00a0.<\/p>\n<h6><strong>Sonstige Anbieter<\/strong><\/h6>\n<p>Auf unseren Webauftritten k\u00f6nnen Schnittstellen-Dienste, Widgets, Erweiterungen bzw. Programmierungsbibliotheken (\u201eLibraries\u201c) von Anbietern eingebunden sein, um eine Beschleunigung der Ladezeiten der Website und der Seitendarstellung zu erzielen. Dabei kommt es zum Aufruf von Ressourcen dieser Anbieter von externen Servern und damit auch zur \u00dcbermittlung von Daten wie z.B. der IP-Adresse, die sich je nach Anbieter auch in Drittstaaten und damit au\u00dferhalb der Europ\u00e4ischen Union befinden k\u00f6nnen. Wir haben keinen Einfluss auf die erhobenen Daten und die jeweiligen Datenverarbeitungsvorg\u00e4nge. Ferner sind uns die Form und der Umfang der Datenerhebung, die Zwecke sowie die Speicherfristen bekannt. Weitere Informationen zu den Zwecken und zum Umfang der Datenerhebung und ihrer Verarbeitung durch diese-Dritte erhalten Sie in den jeweiligen Datenschutzerkl\u00e4rungen dieser Anbieter. Sie finden dort auch die entsprechenden Informationen zu Ihren diesbez\u00fcglichen Rechten und Einstellungsm\u00f6glichkeiten zum Schutz Ihrer Privatsph\u00e4re.<\/p>\n<h6><strong>Serverlogs<\/strong><\/h6>\n<p>Der Provider der Website erhebt und speichert automatisch Informationen in Server-Log Files, die Ihr Computer &amp; Browser automatisch an uns \u00fcbermittelt.<br \/>Diese Informationen in den Serverlogs umfassen:<br \/>\u2022 Name des Browsers<br \/>\u2022 Versionsnummer des Browsers<br \/>\u2022 Sprache des Browsers<br \/>\u2022 Betriebssystem<br \/>\u2022 Referrer-URL<br \/>\u2022 Anfrage, welche Daten angefragt wird (Name, URL)<br \/>\u2022 \u00dcbertragene Datenmenge<br \/>\u2022 Status der \u00dcbertragung (Zugriff \/ HTTP)<br \/>\u2022 Hostname des zugreifenden Computers<br \/>\u2022 IP-Adresse des zugreifenden Computers<br \/>\u2022 Timestamp der Serveranfrage (Datum, Uhrzeit)<br \/>\u2022 Zeitzonendifferenz zur Greenwich Mean Time (GMT)<br \/>Diese \u00fcbermittelten Daten sind nicht bestimmten Personen unmittelbar zuordenbar. Eine Zusammenf\u00fchrung dieser ermittelten Daten mit anderen Daten aus anderen Quellen wird nicht vorgenommen. Die Serverlogs werden gespeichert, um die Sicherheit des Systems pr\u00fcfen zu k\u00f6nnen, um etwaige Fehler der Website bzw. der Applikation feststellen und beseitigen zu k\u00f6nnen, ferner um die Auslastung der Website festzustellen, die Website technisch administrieren sowie das Angebot der Website optimieren zu k\u00f6nnen. Wir behalten uns vor, diese Daten nachtr\u00e4glich zu pr\u00fcfen, wenn uns konkrete Anhaltspunkte f\u00fcr eine rechtswidrige Nutzung unserer Website bekannt werden. Beispielsweise werden diese Daten\u2013 sollte es einen Hackangriff gegeben haben \u2013 an die zust\u00e4ndige Strafverfolgungsbeh\u00f6rden weitergeben.\u00a0<\/p>\n<h6><strong>Ihre Rechte<\/strong><\/h6>\n<p>Ihnen stehen grunds\u00e4tzlich die Rechte auf Auskunft, Berichtigung, L\u00f6schung, Einschr\u00e4nkung, Daten\u00fcbertragbarkeit, Widerruf und Widerspruch zu. Wenn Sie glauben, dass die Verarbeitung Ihrer Daten gegen das Datenschutzrecht verst\u00f6\u00dft oder Ihre datenschutzrechtlichen Anspr\u00fcche sonst in einer Weise verletzt worden sind, k\u00f6nnen Sie sich bei der Aufsichtsbeh\u00f6rde beschweren. In \u00d6sterreich ist dies die Datenschutzbeh\u00f6rde.<br \/>Sie erreichen uns unter folgenden Kontaktdaten:<\/p>\n<p style=\"padding-left: 40px;\"><strong>Procurion e.U.<\/strong><br \/><strong>Mag. Dietmar Eder-Dianitsch, MBA<\/strong><br \/><strong>Kendlerstra\u00dfe 34\/20<\/strong><br \/><strong>A-1140 Wien<\/strong><br \/><strong><a href=\"mailto:ded@procurion.at\">ded@procurion.at<\/a><\/strong><\/p>\n<h6><strong>Sonstiges<\/strong><\/h6>\n<p>Im Zuge der Weiterentwicklung ist es notwendig, dass wir auch diese Datenschutzerkl\u00e4rung laufend anpassen. Wir behalten uns das Recht vor, unsere Datenschutzerkl\u00e4rung jederzeit mit Wirkung f\u00fcr die Zukunft zu \u00e4ndern. Die jeweils aktuelle Version ist online abrufbar. Unsere Besucher sollten diese Seite daher regelm\u00e4\u00dfig aufrufen, um sich \u00fcber den aktuellen Stand zu informieren.<\/p><\/div>\n\t\t\t\t<\/div>\n\t\t\t\t<\/div>\n\t\t\t\t\t\t<\/div>\n\t\t\t<\/div>\n\t\t<\/div>\n\t\t\t\t\t\t<\/div>\n\t\t\t<\/div>\n\t\t<\/section>\n\t\t\t\t\t\t<\/div>\n\t\t\t<\/div>\n\t\t<\/div>\n\t\t","protected":false},"excerpt":{"rendered":"<p>Impressum gem\u00e4\u00df \u00a7 24 MedG Abs. 3 Procurion e.U.Kendlerstra\u00dfe 34\/20A-1140 WienFN 527871g Webmaster: Dietmar Eder-DianitschEmail:\u00a0ded@procurion.at Offenlegung gem\u00e4\u00df \u00a7 25 MedG Abs. 4 Der Internetauftritt www.procurion.at\u00a0 ist die offizielle Website der Procurion e.U. Sie bietet fassende Informationen zu den Angeboten und Dienstleistungen der Firma Proucrion. Haftungsausschluss Inhalte, die auf\u00a0www.procurion.at\u00a0ver\u00f6ffentlicht werden, sind sorgf\u00e4ltig recherchiert und eingepflegt. Procurion [&hellip;]<\/p>\n","protected":false},"author":1,"featured_media":0,"parent":0,"menu_order":0,"comment_status":"closed","ping_status":"closed","template":"","meta":[],"_links":{"self":[{"href":"http:\/\/www.procurion.at\/index.php?rest_route=\/wp\/v2\/pages\/3"}],"collection":[{"href":"http:\/\/www.procurion.at\/index.php?rest_route=\/wp\/v2\/pages"}],"about":[{"href":"http:\/\/www.procurion.at\/index.php?rest_route=\/wp\/v2\/types\/page"}],"author":[{"embeddable":true,"href":"http:\/\/www.procurion.at\/index.php?rest_route=\/wp\/v2\/users\/1"}],"replies":[{"embeddable":true,"href":"http:\/\/www.procurion.at\/index.php?rest_route=%2Fwp%2Fv2%2Fcomments&post=3"}],"version-history":[{"count":11,"href":"http:\/\/www.procurion.at\/index.php?rest_route=\/wp\/v2\/pages\/3\/revisions"}],"predecessor-version":[{"id":4412,"href":"http:\/\/www.procurion.at\/index.php?rest_route=\/wp\/v2\/pages\/3\/revisions\/4412"}],"wp:attachment":[{"href":"http:\/\/www.procurion.at\/index.php?rest_route=%2Fwp%2Fv2%2Fmedia&parent=3"}],"curies":[{"name":"wp","href":"https:\/\/api.w.org\/{rel}","templated":true}]}}